 is the highest common factor of 118 and 1121?
59
Calculate the highest common divisor of 66 and 165.
33
Calculate the highest common factor of 11 and 429.
11
What is the greatest common divisor of 1 and 4?
1
Calculate the highest common factor of 399 and 38.
19
Calculate the highest common divisor of 469 and 134.
67
What is the greatest common divisor of 126 and 49?
7
What is the greatest common divisor of 48 and 912?
48
Calculate the highest common divisor of 2048 and 2.
2
What is the greatest common divisor of 1599 and 451?
41
What is the highest common factor of 19 and 475?
19
What is the highest common divisor of 71 and 9?
1
Calculate the highest common divisor of 3 and 21.
3
Calculate the highest common divisor of 41 and 1025.
41
What is the greatest common factor of 4 and 932?
4
What is the greatest common factor of 430 and 3053?
43
Calculate the highest common divisor of 61 and 244.
61
Calculate the highest common factor of 234 and 89622.
234
Calculate the greatest common factor of 582 and 54.
6
Calculate the highest common divisor of 3276 and 441.
63
What is the greatest common divisor of 4 and 9868?
4
What is the highest common factor of 1547 and 1241?
17
Calculate the highest common divisor of 56 and 322.
14
What is the greatest common divisor of 102 and 442?
34
What is the greatest common factor of 98 and 14?
14
Calculate the highest common divisor of 189 and 21.
21
What is the greatest common divisor of 140 and 14140?
140
Calculate the highest common divisor of 10 and 1790.
10
What is the greatest common factor of 1680 and 16?
16
What is the greatest common factor of 57 and 2489?
19
What is the highest common divisor of 2173 and 106?
53
Calculate the highest common factor of 1711 and 145.
29
Calculate the highest common divisor of 208 and 39.
13
Calculate the highest common divisor of 1026 and 323.
19
What is the greatest common factor of 18 and 28278?
18
Calculate the greatest common divisor of 13906 and 34.
34
Calculate the highest common divisor of 2320 and 725.
145
What is the greatest common divisor of 88 and 220?
44
What is the greatest common factor of 1564 and 276?
92
What is the greatest common divisor of 5421 and 624?
39
What is the greatest common divisor of 27 and 21?
3
Calculate the greatest common divisor of 441 and 196.
49
What is the greatest common factor of 65 and 494?
13
What is the greatest common divisor of 208 and 1196?
52
Calculate the highest common factor of 41 and 25.
1
Calculate the highest common factor of 60716 and 172.
172
Calculate the greatest common factor of 2553 and 759.
69
What is the greatest common factor of 86 and 129?
43
What is the greatest common divisor of 1711 and 29?
29
What is the highest common divisor of 44 and 2684?
44
Calculate the highest common factor of 42 and 273.
21
Calculate the greatest common divisor of 270 and 110.
10
What is the highest common factor of 11 and 209?
11
Calculate the highest common factor of 126 and 189.
63
What is the greatest common divisor of 276 and 12?
12
What is the greatest common divisor of 34 and 1088?
34
Calculate the highest common divisor of 382 and 2.
2
What is the greatest common factor of 112 and 70?
14
Calculate the highest common divisor of 21539 and 51.
17
What is the greatest common divisor of 651 and 93?
93
Calculate the highest common divisor of 5780 and 30.
10
Calculate the greatest common factor of 221 and 1445.
17
Calculate the greatest common factor of 3298 and 194.
194
Calculate the greatest common divisor of 1040 and 80.
80
Calculate the highest common divisor of 40 and 4.
4
What is the greatest common divisor of 91 and 21?
7
Calculate the highest common divisor of 13 and 82199.
13
Calculate the highest common factor of 48360 and 26.
26
What is the highest common divisor of 13 and 949?
13
What is the highest common divisor of 10 and 2?
2
What is the highest common divisor of 44 and 110?
22
What is the highest common divisor of 30 and 1290?
30
What is the highest common factor of 174 and 6?
6
What is the highest common divisor of 26 and 10348?
26
Calculate the greatest common divisor of 950 and 450.
50
Calculate the highest common factor of 318 and 24.
6
Calculate the highest common divisor of 64 and 3008.
64
Calculate the greatest common factor of 12 and 768.
12
Calculate the greatest common factor of 28 and 72.
4
What is the greatest common divisor of 128 and 2944?
128
What is the highest common divisor of 136 and 476?
68
What is the greatest common divisor of 366 and 6?
6
Calculate the greatest common divisor of 805 and 35.
35
What is the highest common factor of 3956 and 92?
92
What is the highest common factor of 320 and 680?
40
What is the greatest common factor of 6615 and 135?
135
What is the greatest common divisor of 2268 and 1260?
252
What is the highest common factor of 6992 and 57?
19
Calculate the greatest common factor of 31 and 20.
1
Calculate the highest common divisor of 170 and 442.
34
Calculate the greatest common factor of 31 and 155.
31
What is the greatest common factor of 126 and 6741?
63
Calculate the highest common factor of 1113 and 795.
159
What is the greatest common divisor of 19 and 209?
19
Calculate the greatest common factor of 26623 and 79.
79
What is the greatest common divisor of 2373 and 42?
21
What is the greatest common factor of 85 and 5?
5
Calculate the greatest common factor of 1168 and 32.
16
Calculate the greatest common divisor of 205 and 35.
5
Calculate the highest common factor of 21395 and 110.
55
What is the greatest common divisor of 410 and 17384?
82
What is the greatest common factor of 18666 and 17?
17
What is the highest common factor of 12083 and 43?
43
Calculate the highest common divisor of 95 and 15.
5
Calculate the greatest common factor of 72 and 60.
12
What is the greatest common divisor of 3818 and 253?
23
Calculate the greatest common divisor of 132 and 440.
44
Calculate the greatest common factor of 595 and 2261.
119
Calculate the highest common divisor of 105 and 75.
15
What is the highest common factor of 2475 and 450?
225
Calculate the greatest common factor of 432 and 27.
27
What is the highest common divisor of 46 and 1472?
46
What is the highest common divisor of 7803 and 27?
27
What is the highest common factor of 15 and 507?
3
Calculate the highest common divisor of 297 and 22.
11
Calculate the highest common divisor of 117 and 24531.
39
Calculate the greatest common factor of 351 and 675.
27
What is the greatest common factor of 448 and 128?
64
Calculate the highest common divisor of 35830 and 50.
10
Calculate the highest common divisor of 12464 and 41.
41
What is the highest common divisor of 90 and 1458?
18
Calculate the highest common factor of 837 and 31.
31
What is the greatest common factor of 2864 and 2327?
179
Calculate the greatest common factor of 10 and 430.
10
Calculate the greatest common factor of 3468 and 17.
17
Calculate the greatest common divisor of 375 and 3.
3
Calculate the highest common factor of 1 and 216.
1
What is the greatest common factor of 37 and 185?
37
What is the greatest common divisor of 209 and 38?
19
Calculate the highest common factor of 153 and 1479.
51
What is the highest common factor of 57 and 95?
19
Calculate the greatest common factor of 979 and 11.
11
What is the highest common factor of 66 and 4818?
66
What is the highest common divisor of 7 and 7441?
7
Calculate the greatest common factor of 783 and 81.
27
What is the highest common factor of 942 and 24?
6
What is the highest common divisor of 131 and 115149?
131
Calculate the highest common divisor of 80 and 2040.
40
Calculate the highest common divisor of 100 and 150.
50
Calculate the highest common divisor of 15936 and 64.
64
What is the greatest common divisor of 38 and 5396?
38
Calculate the highest common factor of 1435 and 35.
35
Calculate the highest common factor of 56 and 40.
8
What is the greatest common divisor of 21 and 24?
3
What is the greatest common factor of 101 and 1111?
101
What is the greatest common divisor of 17 and 3349?
17
Calculate the greatest common divisor of 352 and 649.
11
What is the highest common factor of 722 and 38?
38
What is the greatest common factor of 32 and 2592?
32
What is the greatest common divisor of 130 and 325?
6